 9 + p**x - 3 + 5*p. Suppose -101*a - 20 = -96*a. Determine r(a).
-6
Let h(w) = w**2 + 6*w + 12. Let n be (6 - 6 - -2)/((-6)/12). Calculate h(n).
4
Let h = 12 + -8. Let b(p) = -p**3 + 4*p**2 + 4. Let r be b(h). Let d be (5/(-2))/(r/(-8)). Let z(j) = j**2 - 7*j + 2. Give z(d).
-8
Let i(y) = y - 1. Suppose 7*h = -2*m + 3*h + 12, 4*h - 28 = -4*m. Let n(f) = -f**2 + 13*f - 35. Let l be n(m). Give i(l).
4
Let l be (-1)/(-3 + (-192)/(-63)). Let g = l + 17. Let d(i) = i - 2. Let z be d(g). Let c(m) = m**3 + 5*m**2 - 4*m + 5. Give c(z).
-7
Let v(m) = -m - 7. Suppose 2*t - w = 15, 3*t - w + 45 = 7*t. Suppose -t*y - 84 = -14*y. Let o = 26 - y. Determine v(o).
-12
Let b(m) be the first derivative of m**5/120 - 6*m**3 + 38. Let l(w) be the third derivative of b(w). Determine l(0).
0
Let d(j) = j**2 + 5*j + 2. Let g = 26 + -10. Suppose -y + 5*y + g = 0. What is d(y)?
-2
Let n(l) = 12*l**2 - l - 3. Let a(f) = -f**2 - 1. Let u(o) = -3*a(o) + n(o). Let m = -112 + 120. Suppose 2 + m = -10*p. Determine u(p).
16
Let s(i) = -9*i - 21*i**2 + 38*i**2 - 3 - 18*i**2. Give s(-9).
-3
Let t(f) be the third derivative of -f**4/24 - 3*f**3/2 - 4*f**2 + 5. Suppose 2*g + 20 = -5*s, s + 3*g + 12 = -2*s. What is t(s)?
-5
Let o(q) = 5*q - 6. Let t(d) = -28*d + 31. Let j(r) = 11*o(r) + 2*t(r). Give j(3).
-7
Let n(t) = t**2 - 4*t - 4. Let d be 217/(-28) - (-3)/(-12). Let v be (-49)/d + 1/(-8). Calculate n(v).
8
Let i(f) = f**2 - f - 1. Let o(v) = v**3 - v. Suppose k - 10 = -4. Let g = -5 + k. Let t(j) = g*i(j) + o(j). What is t(2)?
7
Let i(z) = -z**3 - 6*z**2 - 5. Suppose 5*v = 2 + 8. Suppose 0 = -3*w - 3*j + 4*j - 17, -v*w = -5*j + 7. Give i(w).
-5
Let d be (14 + -22 - -14) + (-22)/4. Let l(x) be the first derivative of 7 + 0*x**3 + d*x**2 + 4*x + 1/4*x**4. What is l(0)?
4
Let i(v) = -20*v + 504*v**2 + 16*v - 4 - 505*v**2. Calculate i(-4).
-4
Suppose -8*q + 106 = -54. Let l(k) = 3*k + 19*k**2 + 2*k - q*k**2 - 14*k - 4. Determine l(-4).
16
Suppose 10 = 3*g + 4*y - 15, 3*g + 3*y = 27. Suppose g = 2*f - 1. Let h(n) = -11*n + 5*n - 4 + 5*n + 0. Calculate h(f).
-10
Let b(a) = 320*a - 4802. Let r be b(15). Let u(s) = -2 - s - 3*s - 2. Calculate u(r).
4
Let r(c) be the second derivative of c**7/2520 - c**6/90 + c**5/20 + 23*c**4/12 + 7*c. Let l(z) be the third derivative of r(z). Give l(6).
-6
Let g(k) be the third derivative of k**6/120 + 3*k**5/20 - k**4/8 - 2*k**3 - 5*k**2 - k. Calculate g(-9).
15
Suppose 4*y + 20 = 4*q, -2*y = -3*q - 3*y + 23. Let o(p) = -7 - 4*p**3 - 14*p + 21*p - q*p**2 + 3*p**3. Calculate o(-8).
1
Let z(v) = -v**3 - 3*v**2 + v - 3. Suppose n - 4*y = -0*y + 2, 3*n = -5*y - 11. Let i(k) = -k**3 - 3*k**2 + k - 3. Let p(j) = n*i(j) + 3*z(j). Determine p(-3).
-6
Suppose -10 = 5*m, -2 = -3*s - 5*m - 0. Let f(d) = -d**3 + d**2 + d - 1. What is f(s)?
-45
Let f(o) = -o**3 + 3*o**2 + 3*o. Let m(r) = -8*r - 6. Let z(v) = v + 1. Let q(w) = m(w) + 4*z(w). Let j be q(-1). Suppose j*b = 5*b - 12. Determine f(b).
-4
Let t(j) = -j**3 - 7*j**2 + 11*j + 16. Let k be t(-8). Let c(q) = 5 + q**2 + 9*q - 3 + 5. Give c(k).
-1
Let j(t) = -t + 5. Suppose 7*g - 4*g = -7*g. Calculate j(g).
5
Suppose 256*g - 3 = 255*g. Let u(v) be the first derivative of 3*v**2/2 - v - 1. Calculate u(g).
8
Let c(z) = 0*z + 0*z - 4*z + 7*z. Suppose -2*x + 3*r - 12 = 0, -2*x - 5*r - 7 = -27. Let g(m) = m - 1. Let a be g(x). Give c(a).
-3
Suppose -5*i + d - 4*d = -3, -2*i + 4*d = -22. Let h(y) = 2*y + 0 - 2*y**3 - 1 + 14*y**i. What is h(1)?
13
Let g(t) = 9 - t**3 + 0*t**3 + 6*t - 7*t + 2*t + 6*t**2. Calculate g(7).
-33
Let m(j) be the third derivative of 13*j**4/8 - j**3/6 - 192*j**2. What is m(-1)?
-40
Let b(s) = 11*s - 1. Suppose k + 4 = 2*m - 2*k, -4*k = 4*m + 12. Determine b(m).
-12
Let o(p) = p**2 + 9*p + 5. Suppose 0 = -36*w + 27*w - 27. Give o(w).
-13
Suppose 0 = 22*k - k - 63. Let n(p) be the second derivative of -3*p + 0 - 3/2*p**2 - 1/6*p**3. What is n(k)?
-6
Let o(m) be the third derivative of -2/3*m**3 + 5*m**2 - 7/24*m**4 + 0 + 0*m. Determine o(-3).
17
Let l(q) = -q + 0*q + 3 - 2. Let b be (-2704)/91 + 2/(-7). Let n = 34 + b. Calculate l(n).
-3
Suppose -98*w = -76 + 566. Let b(i) = i**3 + 5*i**2 - 6*i - 10. Calculate b(w).
20
Let i(k) = 6*k**3 - 11*k**2 + k - 16. Let p(x) = 5*x**3 - 10*x**2 + 2*x - 14. Let c(y) = 4*i(y) - 5*p(y). What is c(6)?
-30
Let a(b) = -2*b + 11. Let h be a(4). Let f(j) = -2 - j**2 - 23*j + 4*j - h + 13*j. What is f(-4)?
3
Let w(v) be the second derivative of -v**5/20 + v**4/2 + v**3/2 - 9*v**2/2 + 52*v. Give w(7).
-37
Let i be ((-90)/(-63))/((-3)/21). Let c(l) = -5*l - 27. Calculate c(i).
23
Let v(y) = -4*y + 28. Let z(t) = -t. Let a(i) = v(i) - 5*z(i). Calculate a(-20).
8
Let f(n) = -n - 2. Let a be (-1)/((-72)/(-54) + (-22)/12). Calculate f(a).
-4
Let y = -10 + 5. Let n(x) be the first derivative of x**5/60 + 7*x**4/24 + x**3/2 + 13*x**2/2 - 10. Let g(p) be the second derivative of n(p). Determine g(y).
-7
Let n(z) = -z - 2. Let h(v) = v**3 - 8*v**2 - v + 15. Let u be h(8). Suppose 16 = -3*x + u. Calculate n(x).
1
Let v(i) be the first derivative of -i**3/3 + 7*i**2/2 + 2*i - 74. Determine v(7).
2
Let b = 38 - 44. Let c(w) = 11*w - 2. Let m(v) = -9*v + 2. Let x(r) = -4*c(r) - 5*m(r). What is x(b)?
-8
Let z(l) = 3*l - 4. Let b be z(4). Suppose 7*p = 9*p + b. Let x(c) = -c - 5. Give x(p).
-1
Let j(l) = -7*l**2 - 6*l + 10. Let r(k) = k**2 - 1. Let t(w) = j(w) + 6*r(w). Suppose 645 = -32*o - 44*o - 53*o. Calculate t(o).
9
Let r = -50 - -72. Suppose -z + r = 3*s, -4*s - 2*z + 14 = -3*s. Let f(o) be the second derivative of -o**4/12 + o**3 + o**2/2 + 90*o. What is f(s)?
1
Let x be (12/27)/(16/72). Let t(v) be the third derivative of -1/20*v**5 - 1/120*v**6 + 0*v - 10*v**x + 1/8*v**4 - 1/6*v**3 + 0. Determine t(-3).
-10
Suppose 5*y + 3*g = 44, -2*y + 3*g - 7 = -12. Let o(h) = 2*h**2 - 7*h - 8. Determine o(y).
41
Let j be (-3 + -1)*9/(-12). Let t be 4/(2 + -3)*-1. Let y(w) = -w + 0*w + 0*w + t. Determine y(j).
1
Suppose -2*i + 14 - 4 = 0. Let o(v) = -7*v**2 + 8*v + 8. Let h(l) = 10*l**2 - 12*l - 12. Let p(c) = 5*h(c) + 7*o(c). Determine p(i).
1
Let d(i) = 2*i - 5*i - 6*i + 3*i. Suppose -24*c = -16*c - 8. Determine d(c).
-6
Let l(b) = -2*b - 1. Suppose -2*x = 2*a - 3*a - 2, -5*x + 2 = -4*a. Suppose -x*y - k + 12 = 0, 4*y - 6*k = -k - 4. What is l(y)?
-9
Let l(g) = 0*g**2 + 6*g**2 - 124*g**3 - 11 - 126*g**3 - 4*g + 249*g**3. What is l(5)?
-6
Let n(u) = 3*u**3 + 7*u**2 - 6*u - 3. Let j(f) be the second derivative of f**5/10 + f**4/4 - f**3/2 - f**2/2 - 8*f. Let y(t) = 5*j(t) - 3*n(t). Determine y(5).
-6
Let d be -4 - 0 - (-3 + 4)*-9. Let x(y) = -5*y**3 + 6*y - 11. Let a(r) = 4*r**3 - r**2 - 6*r + 10. Let q(f) = -4*a(f) - 3*x(f). Give q(d).
-2
Let g(k) = 8*k**2 + 2*k + 1. Suppose 4*c - 2*x + 13 = -c, c = -2*x + 7. Let w be g(c). Let b(t) = t + 2*t - 2*t - w*t - 2. Give b(2).
-14
Let b = -388 - -393. Let w(a) = -7*a + 9. What is w(b)?
-26
Let w(d) = 7*d**2 - 6*d + 6. Suppose 622*s + 14 = 636*s. Determine w(s).
7
Let x(g) = -g - 4 + 3 + 5. Let s be 6/9*45/6. Suppose s*z - 4*z - 2*t - 7 = 0, -t - 16 = -3*z. Give x(z).
-1
Let j = 7 + -6. Let v(a) be the second derivative of -a**5/30 + a**4/12 - a**3/6 + 6*a**2 - 9*a. Let i(x) be the first derivative of v(x). Determine i(j).
-1
Let d = -10 - -12. Let k(v) = 1 + 3 + 6*v**d - 3 + 0*v**3 + v + v**3. Suppose 0*b = 3*s + 2*b + 28, -4*b = 20. What is k(s)?
-5
Let y(x) = x**2 - 8*x - 4. Let k(s) be the third derivative of -s**6/60 - s**5/20 + s**4/24 + 2*s**3/3 - 5*s**2. Let n be k(-2). Give y(n).
-16
Suppose 0 = -27*a - 2*a + 56*a + 162. Let i(m) = -4*m - 1. Let h be i(-1). Let o(u) = u + h - 4 - 1. Give o(a).
-8
Let b be -14*-5*(-8)/80 - -7. Let h(l) = l**3 - 2*l**2 + l + 8. What is h(b)?
8
Let o = -27 - -20. Let h(w) = 19 + 24 - 42 + w**2 + 4*w. Determine h(o).
22
Let o(v) = -v**3 - 9*v**2 + 12*v + 23. Let d be o(-10). Let r(i) = -1 - 6*i - d*i**2 + 6*i. Suppose -b + 6*b + 5 = 0. Calculate r(b).
-4
Suppose -81 = 14691*h - 14700*h. Let q(k) = -6*k + 5*k + k**2 - 12 - 6*k. Determine q(h).
6
Let t(q) = 48*q - q**2 - 24*q - 24*q. Let n(d) = 2*d**2 + d - 1. Let p(l) = n(l) + 5*t(l). What is p(1)?
-3
Let c(k) = 2*k + 1. Let r be 2/16 - (-31)/8. Suppose 4*i - 63 = -5*p - 12, -16 = -r*i. Suppose p - 3 = 2*b. What is c(b)?
5
Let f(x) = -x**3 - 7